r of 11121 and 99.
33
Calculate the greatest common divisor of 92 and 19412.
92
What is the greatest common factor of 96 and 672?
96
What is the greatest common divisor of 1096 and 959?
137
Calculate the greatest common divisor of 26 and 16861.
13
What is the greatest common factor of 25497 and 18?
9
Calculate the highest common divisor of 4113 and 18.
9
What is the greatest common divisor of 341 and 1054?
31
Calculate the highest common factor of 8 and 1036.
4
What is the highest common divisor of 13335 and 105?
105
Calculate the highest common divisor of 192 and 48.
48
Calculate the highest common divisor of 18512 and 416.
208
Calculate the highest common divisor of 54 and 72.
18
What is the highest common factor of 1363 and 29?
29
What is the highest common factor of 24 and 392?
8
What is the highest common divisor of 180 and 4020?
60
What is the highest common divisor of 27 and 2475?
9
Calculate the greatest common factor of 693 and 56.
7
Calculate the greatest common divisor of 207 and 36.
9
What is the highest common divisor of 1843 and 57?
19
What is the greatest common divisor of 1524 and 12?
12
What is the highest common factor of 37 and 333?
37
What is the highest common factor of 240 and 330?
30
What is the highest common factor of 8736 and 2352?
336
Calculate the greatest common factor of 65 and 2405.
65
Calculate the highest common divisor of 20 and 530.
10
Calculate the greatest common factor of 240 and 1965.
15
What is the greatest common divisor of 9 and 36?
9
Calculate the greatest common divisor of 464 and 104.
8
What is the highest common divisor of 2349 and 4176?
261
What is the greatest common divisor of 64 and 1728?
64
What is the greatest common factor of 11954 and 172?
86
Calculate the greatest common factor of 4 and 2.
2
What is the highest common divisor of 24 and 9?
3
Calculate the greatest common factor of 63 and 45.
9
Calculate the highest common divisor of 6 and 158.
2
Calculate the greatest common factor of 2970 and 110.
110
What is the greatest common factor of 4633 and 41?
41
What is the greatest common divisor of 540 and 8145?
45
Calculate the highest common divisor of 325 and 65.
65
Calculate the greatest common divisor of 50 and 625.
25
What is the greatest common divisor of 30 and 165?
15
Calculate the greatest common divisor of 418 and 494.
38
Calculate the highest common factor of 2542 and 62.
62
What is the greatest common factor of 4068 and 288?
36
Calculate the greatest common divisor of 72 and 603.
9
Calculate the greatest common factor of 912 and 60.
12
What is the highest common divisor of 85 and 663?
17
What is the greatest common factor of 8 and 13544?
8
Calculate the greatest common divisor of 12 and 852.
12
Calculate the highest common factor of 9 and 23.
1
What is the highest common factor of 101 and 1919?
101
Calculate the greatest common divisor of 84 and 1050.
42
Calculate the highest common divisor of 322 and 69.
23
What is the greatest common divisor of 2123 and 22?
11
Calculate the greatest common divisor of 82 and 287.
41
What is the greatest common divisor of 364 and 70?
14
What is the highest common factor of 64 and 32?
32
Calculate the greatest common factor of 24500 and 196.
196
What is the highest common factor of 100 and 24?
4
What is the highest common factor of 33 and 143?
11
Calculate the greatest common divisor of 16 and 164.
4
What is the highest common factor of 754 and 174?
58
Calculate the greatest common divisor of 2 and 27.
1
What is the highest common divisor of 563 and 1?
1
Calculate the greatest common divisor of 5 and 1090.
5
What is the greatest common divisor of 30 and 18?
6
Calculate the greatest common factor of 200 and 400.
200
Calculate the highest common divisor of 14 and 994.
14
Calculate the highest common factor of 530 and 450.
10
What is the highest common divisor of 39 and 12?
3
Calculate the greatest common factor of 66 and 23826.
66
What is the greatest common factor of 99 and 3924?
9
What is the greatest common factor of 43 and 1?
1
Calculate the greatest common divisor of 20 and 180.
20
Calculate the greatest common factor of 20 and 130.
10
Calculate the highest common factor of 18 and 144.
18
Calculate the greatest common factor of 2849 and 22.
11
Calculate the highest common divisor of 5429 and 61.
61
What is the greatest common factor of 29 and 928?
29
What is the highest common factor of 760 and 1444?
76
What is the highest common factor of 20164 and 213?
71
What is the highest common divisor of 464 and 1508?
116
What is the highest common divisor of 220 and 704?
44
Calculate the highest common factor of 216 and 72.
72
Calculate the greatest common divisor of 399 and 63.
21
What is the highest common divisor of 33 and 10681?
11
Calculate the greatest common factor of 308 and 704.
44
What is the greatest common divisor of 172 and 9374?
86
Calculate the highest common factor of 278 and 5977.
139
What is the highest common divisor of 608 and 25384?
152
Calculate the highest common divisor of 7 and 119.
7
What is the highest common factor of 2 and 3638?
2
Calculate the greatest common divisor of 17 and 1.
1
What is the greatest common divisor of 16 and 1440?
16
Calculate the greatest common factor of 12544 and 70.
14
Calculate the greatest common factor of 8218 and 77.
7
Calculate the greatest common divisor of 55 and 308.
11
Calculate the greatest common factor of 170 and 238.
34
What is the greatest common divisor of 14 and 217?
7
What is the highest common divisor of 564 and 24?
12
What is the greatest common factor of 26838 and 18?
18
What is the greatest common divisor of 52 and 403?
13
Calculate the greatest common factor of 835 and 15.
5
What is the highest common factor of 185 and 1480?
185
Calculate the highest common factor of 176 and 11.
11
What is the highest common factor of 60 and 1974?
6
What is the greatest common factor of 12 and 5196?
12
Calculate the greatest common factor of 504 and 72.
72
What is the greatest common divisor of 2868 and 12?
12
Calculate the greatest common factor of 118 and 2006.
118
What is the greatest common factor of 301 and 7?
7
What is the highest common factor of 660 and 100?
20
Calculate the highest common factor of 72 and 28.
4
What is the highest common factor of 24 and 60?
12
What is the highest common factor of 38 and 703?
19
Calculate the greatest common divisor of 1 and 28.
1
What is the greatest common divisor of 12 and 9258?
6
What is the greatest common factor of 57 and 152?
19
Calculate the greatest common divisor of 2272 and 64.
32
Calculate the highest common divisor of 49 and 1421.
49
Calculate the greatest common divisor of 20 and 2085.
5
Calculate the greatest common divisor of 70 and 670.
10
What is the greatest common factor of 187 and 782?
17
What is the highest common factor of 1183 and 56?
7
Calculate the highest common factor of 2790 and 162.
18
What is the highest common divisor of 48 and 7596?
12
What is the highest common factor of 25 and 119750?
25
Calculate the highest common divisor of 84 and 24.
12
Calculate the greatest common factor of 126 and 3258.
18
Calculate the highest common divisor of 28 and 2422.
14
What is the greatest common factor of 306 and 9333?
153
What is the greatest common factor of 1141 and 84?
7
What is the highest common divisor of 575 and 50?
25
Calculate the greatest common factor of 1023 and 155.
31
Calculate the highest common factor of 780 and 169.
13
Calculate the greatest common factor of 2350 and 1350.
50
What is the greatest common factor of 188 and 26602?
94
What is the highest common divisor of 247 and 19?
19
What is the highest common divisor of 29 and 2581?
29
Calculate the highest common divisor of 15041 and 39.
13
What is the greatest common divisor of 135 and 72?
9
What is the highest common divisor of 464 and 2204?
116
What is the greatest common factor of 153 and 9?
9
Calculate the highest common factor of 29 and 29.
29
Calculate the highest common factor of 742 and 70.
14
Calculate the highest common divisor of 5433 and 3.
3
Calculate the highest common factor of 94 and 2538.
94
Calculate the greatest common divisor of 544 and 17.
17
Calculate the highest common factor of 135 and 2052.
27
Calculate the greatest common factor of 315 and